s 10 divide 1025?
False
Does 15 divide 1155?
True
Is 46 a factor of 4738?
True
Is 34 a factor of 45741?
False
Is 3772 a multiple of 41?
True
Is 11147 a multiple of 107?
False
Does 43 divide 802?
False
Is 16 a factor of 429?
False
Does 22 divide 132?
True
Does 21 divide 399?
True
Is 178 a factor of 2136?
True
Is 2523 a multiple of 29?
True
Does 4 divide 7412?
True
Is 1824 a multiple of 4?
True
Does 31 divide 5983?
True
Is 272 a multiple of 39?
False
Does 6 divide 306?
True
Does 8 divide 3983?
False
Is 9543 a multiple of 29?
False
Is 5445 a multiple of 11?
True
Is 103 a multiple of 3?
False
Does 295 divide 48085?
True
Is 6 a factor of 720?
True
Is 15 a factor of 4845?
True
Is 5944 a multiple of 8?
True
Is 125 a factor of 52592?
False
Does 4 divide 3760?
True
Does 51 divide 4182?
True
Is 945 a multiple of 21?
True
Does 13 divide 50862?
False
Is 32 a factor of 1492?
False
Is 4 a factor of 1302?
False
Does 37 divide 1911?
False
Is 420 a multiple of 28?
True
Is 290 a multiple of 3?
False
Is 196 a factor of 26846?
False
Is 495 a multiple of 55?
True
Does 37 divide 4206?
False
Does 51 divide 2856?
True
Is 10563 a multiple of 21?
True
Does 8 divide 4811?
False
Is 59 a factor of 5074?
True
Does 193 divide 217?
False
Is 5 a factor of 45?
True
Is 11 a factor of 2623?
False
Does 6 divide 230?
False
Does 11 divide 42581?
True
Does 134 divide 61109?
False
Is 39 a factor of 2496?
True
Does 2 divide 1969?
False
Does 77 divide 14650?
False
Does 244 divide 14640?
True
Does 39 divide 718?
False
Does 14 divide 406?
True
Does 5 divide 1166?
False
Does 8 divide 133?
False
Is 66 a factor of 2244?
True
Does 48 divide 13211?
False
Is 1329 a multiple of 53?
False
Is 55 a factor of 90970?
True
Is 29 a factor of 1102?
True
Does 46 divide 26391?
False
Is 37 a factor of 1443?
True
Is 6 a factor of 360?
True
Is 990 a multiple of 22?
True
Is 61761 a multiple of 51?
True
Is 4 a factor of 344?
True
Is 53 a factor of 23315?
False
Is 95 a factor of 258?
False
Does 9 divide 2456?
False
Does 12 divide 50052?
True
Does 30 divide 1343?
False
Is 15 a factor of 28905?
True
Is 5952 a multiple of 93?
True
Does 25 divide 525?
True
Is 3 a factor of 571?
False
Is 49 a factor of 1258?
False
Does 25 divide 3716?
False
Does 16 divide 28288?
True
Does 81 divide 29322?
True
Is 3196 a multiple of 4?
True
Is 140 a factor of 3220?
True
Is 7 a factor of 189?
True
Is 18348 a multiple of 44?
True
Is 8 a factor of 847?
False
Does 44 divide 5104?
True
Does 24 divide 792?
True
Is 4 a factor of 656?
True
Is 12 a factor of 1759?
False
Is 5472 a multiple of 72?
True
Is 24288 a multiple of 46?
True
Is 38 a factor of 3265?
False
Does 10 divide 50?
True
Is 2760 a multiple of 57?
False
Is 72486 a multiple of 74?
False
Is 9 a factor of 121?
False
Does 20 divide 158?
False
Does 20 divide 16060?
True
Is 101 a factor of 303?
True
Is 59358 a multiple of 26?
True
Is 8206 a multiple of 11?
True
Is 39 a factor of 681?
False
Is 1174 a multiple of 26?
False
Is 391 a multiple of 17?
True
Is 11 a factor of 847?
True
Does 5 divide 803?
False
Does 57 divide 11913?
True
Does 72 divide 20913?
False
Is 4125 a multiple of 11?
True
Is 57 a factor of 6726?
True
Is 8302 a multiple of 58?
False
Is 1944 a multiple of 108?
True
Is 15141 a multiple of 37?
False
Does 195 divide 41730?
True
Is 53793 a multiple of 25?
False
Is 364 a multiple of 14?
True
Does 14 divide 2689?
False
Does 3 divide 9415?
False
Is 58 a multiple of 54?
False
Is 11 a factor of 10990?
False
Is 47 a factor of 611?
True
Does 8 divide 10569?
False
Is 54 a factor of 1890?
True
Is 1203 a multiple of 7?
False
Is 203 a multiple of 2?
False
Is 1660 a multiple of 38?
False
Is 4462 a multiple of 47?
False
Does 25 divide 1349?
False
Is 40 a factor of 960?
True
Is 12 a factor of 5979?
False
Does 62 divide 9424?
True
Does 116 divide 27777?
False
Is 11213 a multiple of 20?
False
Is 647 a multiple of 10?
False
Is 48 a factor of 3936?
True
Does 15 divide 750?
True
Is 16 a factor of 240?
True
Is 36 a factor of 2736?
True
Is 945 a multiple of 45?
True
Does 3 divide 16221?
True
Is 57 a factor of 1824?
True
Is 46 a factor of 580?
False
Is 9 a factor of 86?
False
Does 17 divide 1088?
True
Does 206 divide 68759?
False
Does 27 divide 14148?
True
Is 31 a factor of 1174?
False
Is 5 a factor of 320?
True
Is 30743 a multiple of 21?
False
Is 1231 a multiple of 29?
False
Is 13 a factor of 1339?
True
Is 1324 a multiple of 3?
False
Does 21 divide 28413?
True
Is 103 a factor of 14832?
True
Is 2 a factor of 463?
False
Is 190 a multiple of 2?
True
Is 3804 a multiple of 20?
False
Does 13 divide 2086?
False
Does 9 divide 117?
True
Is 2603 a multiple of 4?
False
Is 12 a factor of 1200?
True
Is 3014 a multiple of 137?
True
Does 50 divide 24800?
True
Does 30 divide 10667?
False
Is 14 a factor of 23534?
True
Does 16 divide 5736?
False
Does 30 divide 85770?
True
Does 20 divide 128654?
False
Is 88 a factor of 528?
True
Does 254 divide 45556?
False
Is 6 a factor of 202?
False
Is 2 a factor of 2202?
True
Is 8172 a multiple of 67?
False
Is 84 a multiple of 19?
False
Does 8 divide 21?
False
Is 47628 a multiple of 98?
True
Does 29 divide 87957?
True
Does 31 divide 837?
True
Is 66 a multiple of 6?
True
Is 50236 a multiple of 21?
False
Is 9 a factor of 36?
True
Does 12 divide 36470?
False
Does 6 divide 247?
False
Is 1592 a multiple of 8?
True
Is 325 a multiple of 65?
True
Is 233 a multiple of 14?
False
Is 2 a factor of 43?
False
Is 43 a factor of 85841?
False
Does 162 divide 180980?
False
Is 22 a factor of 264?
True
Does 34 divide 1292?
True
Is 17715 a multiple of 34?
False
Is 5 a factor of 17904?
False
Is 41 a factor of 44854?
True
Is 80 a multiple of 19?
False
Is 10 a factor of 1076?
False
Is 162 a multiple of 24?
False
Is 4872 a multiple of 12?
True
Is 15 a factor of 225?
True
Is 4 a factor of 3435?
False
Is 1344 a multiple of 8?
True
Does 24 divide 624?
True
Is 50 a factor of 1611?
False
Is 1008 a multiple of 24?
True
Is 22 a factor of 449?
False
Does 29 divide 4524?
True
Is 408 a multiple of 5?
False
Is 20 a factor of 61?
False
Is 152 a factor of 28880?
True
Is 615 a multiple of 15?
True
Is 550 a multiple of 4?
False
Does 16 divide 576?
True
Is 4428 a multiple of 12?
True
Is 576 a multiple of 72?
True
Is 12 a factor of 8820?
True
Is 31013 a multiple of 156?
False
Is 216 a multiple of 24?
True
Is 3 a factor of 4704?
True
Is 18 a factor of 2988?
True
Does 49 divide 12479?
False
Is 5 a factor of 9771?
False
Does 49 divide 7840?
True
Is 844 a multiple of 36?
False
Does 230 divide 101430?
True
Is 2610 a multiple of 29?
True
Does 27 divide 1636?
False
Is 35 a factor of 8781?
False
Does 17 divide 261?
False
Does 83 divide 389?
False
Is 1519 a multiple of 34?
False
Is 23 a factor of 2530?
True
Is 56 a factor of 7896?
True
Is 11 a factor of 87?
False
Is 9 a factor of 60839?
False
Does 43 divide 412?
False
Is 16954 a multiple of 16?
False
Does 13 divide 975?
True
Does 3 divide 23573?
False
Is 8 a factor of 1376?
True
Is 15568 a multiple of 56?
True
Is 1988 a multiple of 14?
True
Is 1905 a multiple of 5?
True
Is 507 a multiple of 13?
True
Does 28 divide 2248?
False
Does 40 divide 9360?
True
Is 682 a multiple of 14?
False
Does 124 divide 72168?
True
Is 50 a multiple of 25?
True
Does 58 divide 2784?
True
Is 13 a factor of 15908?
False
Is 52 a factor of 26676?
True
Is 17 a factor of 508?
False
Is 2735 a multiple of 34?
False
Does 34 divide 14688?
True
Is 49 a factor of 2842?
True
Does 33 divide 3655?
False
Is 47929 a multiple of 7?
True
Does 84 divide 2688?
True
Is 14 a factor of 4956?
True
Does 10 divide 390?
True
Does 3 divide 7885?
False
Does 4 divide 1424?
True
Is 4968 a multiple of 72?
True
Does 6 divide 947?
False
Is 26 a factor of 9793?
False
Is 4142 a multiple of 38?
True
Is 944 a multiple of 17?
False
Is 22 a factor of 176?
True
Does 16 divide 856?
False
Is 34 a factor of 14865?
False
Does 30 divide 5820?
True
Does 24 divide 6912?
True
Does 219 divide 19053?
True
Is 2884 a multiple of 28?
True
Is 67 a factor of 5427?
True
Is 49 a factor of 392?
True
Does 8 divide 285?
False
Is 25282 a multiple of 36?
False
Is 8 a factor of 10512?
True
Is 5981 a multiple of 63?
False
Is 12 a factor of 13068?
True
Does 2 divide 1682?
True
Is 26 a factor of 1215?
False
Is 20 a factor of 2053?
False
Does 8 divide 512?
True
Is 1